ns digit of 60077015?
0
What is the thousands digit of 3818551167?
1
What is the ten thousands digit of 526010139?
1
What is the thousands digit of 33664565?
4
What is the ten millions digit of 147163936?
4
What is the millions digit of 2892255938?
2
What is the tens digit of 1287833626?
2
What is the ten thousands digit of 66682533?
8
What is the ten millions digit of 47956639?
4
What is the hundreds digit of 859577811?
8
What is the hundred thousands digit of 5199695457?
6
What is the tens digit of 1123595968?
6
What is the units digit of 45896248?
8
What is the ten thousands digit of 229761134?
6
What is the thousands digit of 643361226?
1
What is the hundreds digit of 171731946?
9
What is the hundred millions digit of 386378188?
3
What is the ten thousands digit of 84163022?
6
What is the thousands digit of 3742614462?
4
What is the millions digit of 832799148?
2
What is the ten thousands digit of 279923292?
2
What is the ten thousands digit of 5101994?
0
What is the ten thousands digit of 356228201?
2
What is the ten millions digit of 1367303041?
6
What is the ten millions digit of 116454188?
1
What is the tens digit of 34510298?
9
What is the ten millions digit of 261179931?
6
What is the ten millions digit of 98421533?
9
What is the hundred thousands digit of 564709225?
7
What is the units digit of 1453105866?
6
What is the tens digit of 427834372?
7
What is the ten millions digit of 898391407?
9
What is the ten thousands digit of 303220953?
2
What is the thousands digit of 179436079?
6
What is the hundreds digit of 430246792?
7
What is the hundreds digit of 68391946?
9
What is the ten millions digit of 31433408?
3
What is the hundred millions digit of 774503735?
7
What is the hundreds digit of 1577848688?
6
What is the units digit of 1463798459?
9
What is the hundreds digit of 68681670?
6
What is the thousands digit of 2479755087?
5
What is the ten thousands digit of 390189813?
8
What is the millions digit of 88882197?
8
What is the millions digit of 49466966?
9
What is the hundreds digit of 10304237?
2
What is the thousands digit of 974819185?
9
What is the hundred thousands digit of 1847446373?
4
What is the thousands digit of 468338050?
8
What is the ten millions digit of 294353666?
9
What is the millions digit of 837327984?
7
What is the millions digit of 345841544?
5
What is the billions digit of 1776086727?
1
What is the tens digit of 94097792?
9
What is the hundreds digit of 66562759?
7
What is the units digit of 87423222?
2
What is the thousands digit of 140473147?
3
What is the hundred millions digit of 2825029561?
8
What is the units digit of 833224536?
6
What is the hundreds digit of 46211284?
2
What is the millions digit of 1082184836?
2
What is the units digit of 145164822?
2
What is the thousands digit of 286476839?
6
What is the hundred millions digit of 170072578?
1
What is the thousands digit of 728630?
8
What is the units digit of 2021358903?
3
What is the thousands digit of 425448993?
8
What is the tens digit of 12981426?
2
What is the hundreds digit of 111889649?
6
What is the millions digit of 751707630?
1
What is the ten millions digit of 187518761?
8
What is the millions digit of 382155941?
2
What is the tens digit of 98830022?
2
What is the billions digit of 1636507320?
1
What is the hundreds digit of 62719678?
6
What is the ten thousands digit of 1042234486?
3
What is the ten millions digit of 137783657?
3
What is the billions digit of 7303869810?
7
What is the units digit of 1510074543?
3
What is the units digit of 1920956427?
7
What is the ten millions digit of 2560772459?
6
What is the tens digit of 21434386?
8
What is the billions digit of 1492989318?
1
What is the thousands digit of 422118409?
8
What is the millions digit of 1182937638?
2
What is the tens digit of 554316005?
0
What is the units digit of 34856258?
8
What is the units digit of 48715631?
1
What is the hundred millions digit of 4609784339?
6
What is the millions digit of 180845161?
0
What is the hundred thousands digit of 19686503?
6
What is the hundred thousands digit of 1574924989?
9
What is the ten millions digit of 1006796355?
0
What is the ten millions digit of 2367890223?
6
What is the tens digit of 87547211?
1
What is the tens digit of 57832948?
4
What is the units digit of 333821618?
8
What is the thousands digit of 121548616?
8
What is the thousands digit of 353252644?
2
What is the tens digit of 33828648?
4
What is the thousands digit of 828944014?
4
What is the ten millions digit of 260848379?
6
What is the hundred thousands digit of 139447335?
4
What is the thousands digit of 173832740?
2
What is the hundred millions digit of 982386036?
9
What is the hundreds digit of 2419480603?
6
What is the tens digit of 978734945?
4
What is the millions digit of 234305784?
4
What is the millions digit of 16713055?
6
What is the billions digit of 6049342989?
6
What is the millions digit of 31660581?
1
What is the ten thousands digit of 321937931?
3
What is the thousands digit of 220226295?
6
What is the units digit of 22603658?
8
What is the ten millions digit of 88137419?
8
What is the hundreds digit of 29515363?
3
What is the thousands digit of 2210948994?
8
What is the units digit of 64291365?
5
What is the hundreds digit of 685223531?
5
What is the billions digit of 1020195073?
1
What is the thousands digit of 53958471?
8
What is the units digit of 1746400697?
7
What is the tens digit of 172686232?
3
What is the units digit of 192606296?
6
What is the hundred millions digit of 1036543304?
0
What is the millions digit of 98321468?
8
What is the millions digit of 19154664?
9
What is the thousands digit of 259156613?
6
What is the ten thousands digit of 1127093496?
9
What is the ten millions digit of 215410514?
1
What is the hundred thousands digit of 303908303?
9
What is the tens digit of 596796982?
8
What is the hundreds digit of 13375860?
8
What is the hundreds digit of 2719932572?
5
What is the hundred thousands digit of 70572253?
5
What is the tens digit of 18026104?
0
What is the millions digit of 795551610?
5
What is the thousands digit of 370106357?
6
What is the ten thousands digit of 3804634051?
3
What is the millions digit of 1116029?
1
What is the millions digit of 72699711?
2
What is the units digit of 52432295?
5
What is the hundreds digit of 239699555?
5
What is the hundred thousands digit of 63928976?
9
What is the hundred thousands digit of 876646837?
6
What is the hundred millions digit of 229981047?
2
What is the hundred thousands digit of 35388580?
3
What is the hundred thousands digit of 91237384?
2
What is the units digit of 2505876201?
1
What is the ten millions digit of 9021948440?
2
What is the billions digit of 1154910398?
1
What is the ten millions digit of 42093525?
4
What is the hundreds digit of 65526059?
0
What is the units digit of 6533820330?
0
What is the hundreds digit of 1074110004?
0
What is the units digit of 2980428330?
0
What is the hundred thousands digit of 86258093?
2
What is the hundred millions digit of 232848996?
2
What is the hundreds digit of 27241194?
1
What is the hundreds digit of 123906368?
3
What is the hundred millions digit of 1532027485?
5
What is the hundred thousands digit of 192610528?
6
What is the tens digit of 500397540?
4
What is the units digit of 2076297953?
3
What is the ten thousands digit of 935037301?
3
What is the millions digit of 111828885?
1
What is the thousands digit of 97696775?
6
What is the hundred thousands digit of 239146633?
1
What is the hundred millions digit of 788937978?
7
What is the units digit of 79337306?
6
What is the ten millions digit of 64071957?
6
What is the units digit of 434066934?
4
What is the thousands digit of 98411214?
1
What is the hundreds digit of 2157626093?
0
What is the hundreds digit of 996667157?
1
What is the units digit of 349901487?
7
What is the ten millions digit of 1642895489?
4
What is the hundred millions digit of 5760724249?
7
What is the units digit of 2283850047?
7
What is the hundred thousands digit of 366434793?
4
What is the billions digit of 1291154880?
1
What is the hundreds digit of 22696537?
5
What is the units digit of 146433448?
8
What is the hundred thousands digit of 400180394?
1
What is the ten millions digit